 be (3/(-5))/((-16)/20)*-4. Let s(p) = 56*p**2 + 6*p - 2. Let t be s(x). What is the highest common factor of t and 44?
44
Let u be 1 + (39/3 - -2). Let o be (2 + -194)*(5 - -8)/(-39). Calculate the greatest common factor of u and o.
16
Let d(m) = -m**2 + 4*m + 30. Let o be d(6). Let c = -4 - -6. Suppose f - 5*k + 13 = -0*k, 2 = f - c*k. What is the highest common divisor of f and o?
6
Let d be (-3 + 24/9)/((-1)/459). Suppose -17 = 3*n - 5*s, -3*n = 5*s - 2 - 21. Let f be -2 + n - (-2 + -16). Calculate the greatest common divisor of d and f.
17
Let f(z) = z**2 - 39*z + 274. Let r be f(30). Calculate the greatest common factor of 124 and r.
4
Let l = 19 + -52. Let w = l + 46. Let u = w + 2. What is the highest common divisor of u and 6?
3
Let f = 234 - -288. Suppose 0 = -2*d - 4*c + 344, f = -2*d + 5*d + 3*c. Let w be 20 + (28/77 - (-54)/33). Calculate the greatest common divisor of d and w.
22
Let z(m) = 11*m**2 + 17*m - 2. Let k(j) = 5*j**2 + 8*j - 1. Let s(c) = 9*k(c) - 4*z(c). Let u be s(-5). What is the greatest common factor of 2 and u?
2
Let t(n) = 16*n**2 - 20*n + 52. Let s be t(3). What is the greatest common divisor of 17 and s?
17
Suppose 3151 + 3581 = 17*k. Calculate the greatest common divisor of 352 and k.
44
Suppose 0 = n + 3*n - 528. Let j(q) = q - 2. Let l be j(5). Suppose -v + l*b = -21, -6 = -v - b - b. What is the highest common divisor of v and n?
12
Suppose -7770 = -5*a + 5*j, 0 = 8*a - 3*a - j - 7754. Suppose 0 = -13*u + 8*u + a. What is the greatest common divisor of u and 124?
62
Let u be 14 - 10 - -3*7. Calculate the highest common divisor of 225 and u.
25
Let r be 42 + -41 + (14 - (-1)/(-1)). Suppose 16 + r = 6*a. What is the highest common factor of a and 5?
5
Let u(p) = -13*p**3 + 5*p**2 + 5*p - 2. Let b be u(-2). Calculate the highest common factor of 80 and b.
16
Let p(k) be the second derivative of -k**4/6 + 25*k**3/6 - k**2/2 - 23*k. Let v be p(11). Calculate the highest common factor of 24 and v.
8
Let j = 40 + -45. Let r be (2/((-2)/1))/(j/140). Let f = 75 + -5. What is the highest common factor of r and f?
14
Let b(y) = -37*y**3 + 38*y**3 + 3*y**2 + 10*y + 23 + 5*y**2. Let x be b(-7). What is the highest common divisor of x and 16?
2
Let s be ((-405)/54)/(6/(-80)). Calculate the greatest common divisor of 140 and s.
20
Suppose 5*q = -10*q + 765. Suppose -q = -4*o + 21. Let b(y) = 5*y + 3. Let c be b(3). Calculate the highest common divisor of o and c.
18
Let h be 9/18*2 - (-43 - -1). Calculate the greatest common divisor of 2107 and h.
43
Let j(i) = -5*i - 68. Let c(a) = -a - 17. Let v(z) = -9*c(z) + 2*j(z). Let t be v(0). What is the greatest common factor of t and 187?
17
Suppose -22*s + 288 = -18*s. Suppose 0*b - 2*t = -b + 17, -5*b = 3*t - s. Calculate the greatest common divisor of 195 and b.
15
Suppose r = -5*r + 186. Let f = r + -13. Calculate the highest common divisor of 54 and f.
18
Let q(g) = -g**2 + 19*g - 22. Let y(f) = -f**3 - f**2 + 15. Let v be y(0). Let z be q(v). What is the greatest common divisor of 38 and z?
38
Let w(p) = -p**3 + 9*p**2 + 19*p - 14. Let f be w(11). Let j = f + 53. What is the greatest common factor of j and 42?
6
Let k = 21 + -26. Let a = k - -37. What is the highest common factor of a and 160?
32
Let r = -61 + 96. What is the greatest common factor of 14 and r?
7
Let r = -75 + 84. Suppose -r = -0*p - p. Let x be (6/(-2))/((-1)/3). Calculate the highest common divisor of p and x.
9
Let h be (0 + 1)/(9/63). Suppose -b = 3*f + 4*b, 4*b = f. Suppose -4*c = -5*g - h, f*c + 3*c - 5*g - 4 = 0. What is the highest common divisor of 6 and c?
3
Let v be (1 - -149)*24/20. What is the highest common divisor of 20 and v?
20
Let y be 8/20 + (-2)/5. Let v be -4 + 5 - (y - 1). Let i = v + 0. Calculate the greatest common factor of i and 1.
1
Suppose 0 = 5*y - 0*y + 3*d - 1976, 0 = 5*d + 15. Let c = -262 + y. What is the greatest common factor of c and 54?
27
Let n(m) = -4*m + 82. Let s be n(7). What is the greatest common divisor of s and 12?
6
Let k be (-1 + -1)/(3 - 5). Let g be (-4 + -143)/(k + -2). Suppose -5*p = -4*w - g, 5*p - 3*w = -2*w + 138. Calculate the highest common divisor of p and 297.
27
Let b = 76 + -78. Let z be (15 + -4)/(b/(-54)). Calculate the highest common divisor of 27 and z.
27
Suppose 0 = -3*q + l + 100, -4*l + 20 - 4 = q. Let o = -17 + q. What is the highest common factor of o and 15?
15
Suppose 5*p = 33 - 123. Let l be p/(-36)*(-2)/(-1). Calculate the highest common divisor of l and 5.
1
Let f(m) = -19*m + 528. Let p be f(23). What is the greatest common divisor of p and 63?
7
Let c be (-124684)/(-4599) - 2/36*2. Calculate the highest common divisor of 279 and c.
9
Let a(h) = -22*h - 123. Let k be a(-6). Let s(q) = -q**3 - 3*q**2 + 4*q - 3. Let d be s(-6). Calculate the greatest common factor of d and k.
9
Suppose 3*i + 0 - 15 = -3*j, 3*i - 18 = -4*j. What is the highest common factor of 3 and j?
3
Suppose -2*f = 2*i - 46, 5*f + 83 = 7*i - 3*i. Calculate the highest common factor of 682 and i.
22
Let y = 2895 + -2642. Calculate the highest common factor of 99 and y.
11
Let f(u) = -12*u**2 - 6*u + 2. Let y be f(6). Let a = y + 653. Calculate the greatest common factor of 17 and a.
17
Let d(q) = q + 13. Suppose 3*g = 5*x + 34, -2*g - 4 = 2*x + 16. Let w be d(x). Calculate the highest common factor of w and 15.
5
Let g = 3 + 4. Suppose 5*o = -2*a + g*a + 175, -a - 137 = -4*o. Let w be 140/o - 6/51. Calculate the highest common factor of w and 28.
4
Suppose 2*k = -w - 2*k + 3, 90 = 5*w - 5*k. Let x(o) = o + 6. Let r be x(-6). Suppose r = s - 4*s + 90. Calculate the highest common factor of s and w.
15
Let b(n) = -n**2 + 2*n + 3. Let t be b(3). Let d = -145 + 313. Suppose t = -2*m - 2*m + d. What is the highest common divisor of 63 and m?
21
Suppose -3*l = 36*s - 34*s - 8, 3*s - 7 = -2*l. Calculate the greatest common divisor of l and 8.
2
Suppose -3*p + 0*n = -n - 52, p - 8 = 5*n. What is the highest common factor of 117 and p?
9
Suppose 0 = -5*i + 5*a + 125, a + 36 = 2*i - 15. Let t = 35 - 22. Calculate the highest common divisor of t and i.
13
Let d = 13 - 13. Suppose -3*c - 3*i = d, 3*c - 2*c = -2*i - 4. Suppose c*j - 10 = 46. What is the highest common factor of j and 98?
14
Let u = 68 + 20. Suppose 30*r = 26*r + u. Calculate the greatest common divisor of 176 and r.
22
Let q be -2 - (1 + -1) - -218. Calculate the highest common divisor of 27 and q.
27
Let n = 326 - 315. What is the greatest common divisor of 253 and n?
11
Let s(u) = -u**3 + 2*u**2 - u + 17. Let v be s(-4). What is the greatest common divisor of 18 and v?
9
Let m = 10 + 138. Calculate the greatest common factor of 4 and m.
4
Suppose -i - 5*y = 352, -6*y = -2*i - y - 629. Let r = 597 + i. Suppose -v = -4*v + r. Calculate the greatest common factor of 30 and v.
30
Let g be ((0 - 1677)/(-3))/(-6 + 7). What is the highest common divisor of 65 and g?
13
Suppose -40*u + 35*u = -270. Calculate the highest common divisor of 459 and u.
27
Let x = 1921 - 1909. Calculate the highest common factor of 4404 and x.
12
Let s be (-10)/(-14) - 12/(-42). Let p(f) = 2*f**2 - 6*f - 4. Let l be p(3). Let n be 72 + s + (l - -8). What is the greatest common divisor of n and 11?
11
Let d = -715 - -727. Calculate the highest common divisor of 156 and d.
12
Let u(r) = r + 4. Let p be u(0). Suppose 0 = 2*j + 3*z - 21, -p*j + 19 + 68 = -3*z. Let n = 22 + j. Calculate the greatest common divisor of 10 and n.
10
Suppose -v + 3*v = 0, -2*k = v - 8. Suppose -a = -3*a + k. What is the greatest common divisor of a and 3?
1
Suppose 0 = -s + 81 + 127. Calculate the greatest common factor of s and 16.
16
Suppose -r = 3*k - 279, 2*r - 3*r = k - 269. What is the highest common divisor of 33 and r?
33
Suppose -1031*x + 630 = -1016*x. Calculate the greatest common factor of x and 357.
21
Suppose -2*f = -7*f - 5*b + 75, 2*b = 4*f - 90. Suppose 2*t - f = 4*k, 3*t - k - 4*k = 35. What is the greatest common factor of 10 and t?
10
Let p = 1551 + -916. Calculate the highest common factor of p and 127.
127
Let y(c) = 4*c - 1. Let h be y(1). Let d = 48 - h. What is the highest common factor of d and 180?
45
Let s = -26 + 28. Suppose 6*n = s*n + 40. Calculate the greatest common divisor of n and 10.
10
Let s(u) = -u**3 + 7*u**2 + 22*u +